2). Let a = m - -193. What are the prime factors of a?
307
Suppose 163*r = 140*r + 121624. What are the prime factors of r?
2, 661
Let w = 2107 + -930. Suppose 3567 + w = 8*j. List the prime factors of j.
593
Let i(p) = -p**2 - 22*p + 6. Let s(q) = q**3 + 11*q**2 - 9*q + 17. Let m be s(-12). What are the prime factors of i(m)?
3, 7
Let c(q) = q**3 + 42*q**2 - 5*q + 4. Let g = 171 + -213. List the prime factors of c(g).
2, 107
Let v(g) be the third derivative of 55*g**4/12 - 5*g**3/3 + 21*g**2 - 2. List the prime factors of v(5).
2, 3, 5
Let p(t) = 32*t**2 - 20*t + 75. Let j be p(5). Let g = j - 152. What are the prime factors of g?
7, 89
Let u(m) = 83*m + 2. Let j be u(1). Suppose 0 = 2*l + j - 291. What are the prime factors of l?
103
Let w = 625 - 451. What are the prime factors of 232/w*(-2)/(2/(-933))?
2, 311
Let c(i) = -2 - i + 2*i + 37*i**2 - 5 - 27*i**2. Let w be c(-3). Suppose -11*j = -3*j - w. List the prime factors of j.
2, 5
Suppose 7*n = 5*n - 4*i + 10320, 0 = 2*n + 2*i - 10320. List the prime factors of n.
2, 3, 5, 43
Let k(m) = m**2 + 2*m - 3. Let f be k(-3). Suppose 3*c = -4*i - 10, -4*c + i = -f*i + 7. Let j(w) = -19*w - 10. What are the prime factors of j(c)?
2, 7
Let n(c) = c**2 - 2087 - 3*c + 21*c + 2103 - 2*c. Suppose 4*o - 3*j = -78, -3*o = 5*j - 0*j + 73. What are the prime factors of n(o)?
11
Let b = -7358 + 12281. What are the prime factors of b?
3, 547
Let t(x) = 158*x**2 - 2470*x - 9. List the prime factors of t(17).
3, 11, 37
Let p = -529 - -2787. What are the prime factors of p?
2, 1129
Let u(j) = -13944*j + 521. List the prime factors of u(-1).
5, 11, 263
Let l = -44059 + 72192. What are the prime factors of l?
7, 4019
Suppose -3*f - m + 11 = 0, -5*f = m + 4*m - 15. What are the prime factors of (-9 - -8) + f + 593?
2, 149
Let t be 4/(-18) + -20*4/(-36). Suppose -4*d = t*b + 2, -4*b + d + 12 = 5*d. Suppose b*j + 74 = 9*j. List the prime factors of j.
37
Let p(o) = -o**3 + 7*o**2 + 12*o + 24. Let d be p(9). What are the prime factors of 2/(d/(-1689)) - 2/(-5)?
113
Let s(y) = 7*y**2 + 9*y + 7. Suppose 161 = 19*h - 10. What are the prime factors of s(h)?
5, 131
Suppose 3*d = -9, -2*d + 68 = 5*w + 2*d. Suppose -w*k + 18 = -13*k. What are the prime factors of 82*(-9)/k*-1?
3, 41
Suppose 0 = -7*u + 11*u - 156. Suppose 3*x - 3*z - u = 2*z, 0 = -5*x - 2*z + 96. Let d(k) = 2*k - 13. List the prime factors of d(x).
23
Suppose 3*n + 175154 - 680810 = -33*n. What are the prime factors of n?
2, 3, 2341
Suppose -3*c + 2*k + 17 = 0, 5*c + 3*k + 0 = 3. Let u be 3/((c - 0) + -2). Suppose -u*i = 48 - 66. List the prime factors of i.
2, 3
Let r(n) = 1672*n - 149. What are the prime factors of r(11)?
3, 2027
Suppose 0 = f + 5 - 1. Let b be (405/(-10))/(f/8). Suppose -3*o + b = 5*h - 35, -3*h = o - 36. List the prime factors of o.
2, 3, 7
Suppose -56*k = 53*k + 8*k - 1971450. List the prime factors of k.
2, 5, 337
List the prime factors of (-20102)/(-13) + 220/(-715).
2, 773
Let w(k) = -16*k**3 - 10*k**2 - 35*k - 21. Let o be w(-9). Suppose -318*b - o = -324*b. List the prime factors of b.
2, 929
Let v be (-1)/6 + 26503/(-102). Let t = v - -367. List the prime factors of t.
107
Let t(o) = -90*o**3 - 8*o**2 - 54*o - 163. List the prime factors of t(-5).
3, 3719
Let c(t) = -t**3 - 17*t**2 - 110*t + 157. What are the prime factors of c(-35)?
71, 367
Let l = 80 + -78. Suppose l*h = 4*y + 128, -12 = 4*y + 5*h + 116. What are the prime factors of (y/40)/(2 - 1184/590)?
2, 59
Suppose -4*d = -3*z, -5 = 3*z - 3*d - 8. Suppose f - 220 = -l, -7*f = -z*f - 15. What are the prime factors of l?
5, 43
Let v = 123028 - 59429. What are the prime factors of v?
63599
Suppose 4*g - 5*m = -10*m + 18396, 18396 = 4*g + 3*m. What are the prime factors of g?
3, 7, 73
Let a(z) = z**3 - 111*z**2 + 3*z - 3379. What are the prime factors of a(112)?
3, 3167
Let m(u) = u + 2. Let k(w) = -w**2 + 9*w - 15. Let j be k(6). Let l be m(j). Suppose l*h + h - 114 = 0. What are the prime factors of h?
19
Let k be 1 - 1/2*-38. Suppose 298 - k = 2*j - 4*z, -2*z = 4*j - 586. What are the prime factors of j?
5, 29
Let v(t) be the first derivative of -t**3/3 + t**2 + 4114*t - 30. Let i be v(0). Suppose 12*c + 1342 = i. What are the prime factors of c?
3, 7, 11
Suppose m - 56 = 312. Suppose -3*s - s = -m. Suppose -2*d - d + s = 2*y, 4*y = -20. List the prime factors of d.
2, 17
Let m(q) = -14*q**3 - 32*q**2 - 8*q - 38. List the prime factors of m(-7).
2, 3, 271
Let t(r) = 11*r - 3. Let o(d) = 21*d - 4. Let w(v) = 2*o(v) - 5*t(v). Suppose g + 23 = -3*a, 5*a = 2*g - 11 - 42. What are the prime factors of w(a)?
2, 31
Suppose -2400660 - 1625406 = -96*v + 1689006. What are the prime factors of v?
2, 3, 11, 41
Let t = -17 - -24. Let d(w) = -1714*w + 1738. Let o be d(1). Suppose -11*v + t*v + o = 0. List the prime factors of v.
2, 3
Let j(i) = 2*i**2 - 27*i + 1. Let a(k) = 3*k - 38. Let w be a(19). What are the prime factors of j(w)?
2, 3, 5, 7
List the prime factors of (3*(-24)/(-360))/(2/173960).
2, 4349
Let d = 38907 + -12419. List the prime factors of d.
2, 7, 11, 43
Let i be 54/(-162) + ((-5)/3 - -1). List the prime factors of (0 - 1)/i - (-158)/1.
3, 53
Let t(k) = -k**3 + 16*k**2 - 12*k - 45. Let p be t(15). Suppose 5*j - 6*j - 4*q + 577 = p, -5*j + 2957 = -4*q. List the prime factors of j.
19, 31
Suppose -60*w + 1610125 = -46*w + 473129. What are the prime factors of w?
2, 7, 5801
Suppose u + 13 = -5*d + 133, 280 = 2*u + 2*d. Suppose u*j - 1580 = 140*j. List the prime factors of j.
2, 79
Let k(t) = -70*t + 8389. List the prime factors of k(0).
8389
Let x(u) = 2023*u - 7387. List the prime factors of x(16).
3, 11, 757
Suppose 14*o = 7901 + 51949. What are the prime factors of o?
3, 5, 19
Let x = 20708 - 5084. What are the prime factors of x?
2, 3, 7, 31
Let o be 6/(-2)*-7*(-4)/(-12). Suppose o*l = 110 - 40. Suppose 1704 = l*y - 526. What are the prime factors of y?
223
Let h = 46 + -39. Suppose h*o + 1179 = 5428. List the prime factors of o.
607
Let y be 28/36 + -1 - 2/(-9). Suppose u - 146 + 143 = y. What are the prime factors of u?
3
Suppose -5*p + 8*p = -5*p. Suppose 3*d - 3 = 3*r, p = -3*d - 0*d + 9. What are the prime factors of 1/r - (-2)/8*54?
2, 7
Let a(t) = -t**3 + 40*t**2 + 542*t - 66. List the prime factors of a(28).
2, 13, 23, 41
Suppose 0 = 9*v + 11*v - 180. Let m(p) = -p**2 + 25*p - 37. List the prime factors of m(v).
107
Let j be ((-14)/(-7))/((-2)/(-19)). Let g(f) = -f + 24. Let y be g(j). Suppose y*q - 45 = 10. List the prime factors of q.
11
Suppose 9*m - 12*m = 2826. List the prime factors of (m/(-10))/((-6)/(-30)).
3, 157
Let p(m) = -34*m + 7. Let u be p(-11). Suppose -240 = -3*v + u. What are the prime factors of v?
3, 23
Suppose -10*a + 9*a - 2*m + 7989 = 0, -7990 = -a - 3*m. What are the prime factors of a?
7, 163
Suppose 5*o - 6*o = -2*g - 7, 2*g = 5*o - 27. What are the prime factors of g/(-3)*(18 - -1833)?
617
Let o = -21820 + 31552. What are the prime factors of o?
2, 3, 811
Let r = -11118 + 16022. List the prime factors of r.
2, 613
Let q be 15/(-2)*(49 + -143). Suppose 11013 = 7*x - q. What are the prime factors of x?
2, 3, 31
Let r(z) = z**2 - 2*z - 6. Let q be r(4). Suppose -10*p + 22 - q = 0. Suppose -5*d + 4*n = -357, -p*n - 57 = -d - 6*n. List the prime factors of d.
3, 23
Suppose -9 = -3*m, -m - 1 = -j - 0*m. Let k(z) = 28*z**2 - 11*z + 9. List the prime factors of k(j).
7, 59
What are the prime factors of (9/6)/(13 + 1585695/(-121980))?
2, 19, 107
Let g(u) = 3*u**2 + 40*u + 151. What are the prime factors of g(-54)?
23, 293
Let g(s) = s**3 - 3*s**2 + 3*s. Let b be g(3). Suppose -34 = b*u - 7. List the prime factors of (81 + u)*3/6.
3, 13
Suppose -14*p + 4*p - 10 = 0. What are the prime factors of 600 + (-2 - (-7 - p))?
2, 151
Suppose 510 = -58*p + 7*p. Let g(l) be the second derivative of -11*l**3/6 - 9*l**2 - 2*l. What are the prime factors of g(p)?
2, 23
Let h = -68 - -53. Let r = 75 - h. Let u = r + -31. What are the prime factors of u?
59
Let o be (-280)/(-224) + 1*(-6)/(-8). Suppose -i + 3 = -0. Suppose 3*z - o*m - 235 = 0, -2*z + 413 = i*z + 2*m. What are the prime factors of z?
3
Let w(k) = 5*k**2 + 10*k + 13. Let l be w(6). Let i = l + -22. List the prime factors of i.
3, 7, 11
Let i(l) = -189*l + 680. List the prime factors of i(-42